{"id":13,"date":"2017-08-13T00:53:01","date_gmt":"2017-08-12T22:53:01","guid":{"rendered":"http:\/\/llakurzy.sk\/skoleniezodpovednejosoby\/?page_id=13"},"modified":"2018-08-10T19:42:01","modified_gmt":"2018-08-10T17:42:01","slug":"kurzy","status":"publish","type":"page","link":"http:\/\/llakurzy.sk\/skoleniezodpovednejosoby\/","title":{"rendered":"KURZY"},"content":{"rendered":"<div id=\"pl-13\"  class=\"panel-layout\" ><div id=\"pg-13-0\"  class=\"panel-grid panel-no-style\" ><div id=\"pgc-13-0-0\"  class=\"panel-grid-cell\" ><div id=\"panel-13-0-0-0\" class=\"so-panel widget widget_sow-editor panel-first-child panel-last-child\" data-index=\"0\" ><div class=\"panel-widget-style panel-widget-style-for-13-0-0-0\" ><div class=\"so-widget-sow-editor so-widget-sow-editor-base\">\n<div class=\"siteorigin-widget-tinymce textwidget\">\n\t<p style=\"text-align: center;\"><strong>Intenz\u00edvny kurz pre zodpovedn\u00e9 osoby<\/strong><\/p>\n<p>Labour Law Association\/Asoci\u00e1cia pracovn\u00e9ho pr\u00e1va a\u00a0Algger, s.r.o. ako l\u00eddri na trhu v\u00a0oblasti vzdel\u00e1vac\u00edch aktiv\u00edt pre V\u00e1s pripravili v\u00fdnimo\u010dn\u00fd 3 \u2013 d\u0148ov\u00fd intenz\u00edvny kurz pre zodpovedn\u00e9 osoby v\u00a0zmysle novej pr\u00e1vnej \u00fapravy ochrany osobn\u00fdch \u00fadajov danej v\u0161eobecn\u00fdm nariaden\u00edm o\u00a0ochrane \u00fadajov (GDPR) a\u00a0nov\u00fdm z\u00e1konom \u010d. 18\/2018 Z. z. o\u00a0ochrane osobn\u00fdch \u00fadajov.<\/p>\n<p>Za\u0301kladnou pridanou hodnotou intenz\u00edvneho kurzu pre zodpovedn\u00e9 osoby je orienta\u0301cia na potreby aplika\u010dnej praxe, n\u00edzky po\u010det \u00fa\u010dastn\u00edkov intenz\u00edvneho kurzu, ako aj z pohl\u030cadu persona\u0301lneho zabezpec\u030cenia ponu\u0301kan\u00e9ho intenz\u00edvneho kurzu, ktor\u00e9ho hlavny\u0301m odborny\u0301m garantom je pani Mgr. Tatiana Valentova\u0301, ktor\u00e1 p\u00f4sobila ako vrchna\u0301 ins\u030cpektorka U\u0301radu na ochranu osobny\u0301ch u\u0301dajov Slovenskej republiky a za\u0301roven\u030c riaditel\u030cka odboru kontroly spracu\u0301vania osobny\u0301ch u\u0301dajov a\u00a0s\u00fa\u010dasne je autorkou najpred\u00e1vanej\u0161ieho koment\u00e1ra ku v\u0161eobecn\u00e9mu nariadeniu o\u00a0ochrane \u00fadajov (GDPR) a\u00a0nov\u00e9mu z\u00e1konu \u010d. 18\/2018 Z. z. o\u00a0ochrane osobn\u00fdch \u00fadajov z\u00a0vydavate\u013estva Wolters Kluwer, sr.o..<\/p>\n<p><strong>Cie\u013e a obsah kurzu:<\/strong><\/p>\n<ul>\n<li><strong>v\u00a0priebehu cel\u00e9ho vzdel\u00e1vania praktick\u00e9 pr\u00edklady, ot\u00e1zky, rie\u0161enie situ\u00e1ci\u00ed v\u00a0podmienkach konkr\u00e9tnych prev\u00e1dzkovate\u013eov<\/strong> (spolo\u010dnost\u00ed),<\/li>\n<\/ul>\n<p>&nbsp;<\/p>\n<p><strong>1 de\u0148<\/strong><\/p>\n<p><strong>Postavenie zodpovednej osoby<\/strong><\/p>\n<ul>\n<li>postavenie zodpovednej osoby v\u00a0\u0161trukt\u00fare spolo\u010dnosti, povinnos\u0165 predch\u00e1dza\u0165 konfliktu z\u00e1ujmov pri v\u00fdkone \u010dinnosti zodpovednej osoby, ukon\u010denie \u010dinnosti zodpovednej osoby,<\/li>\n<li>podmienky pre ur\u010denie zodpovednej osoby (odborn\u00e9 znalosti, prax, preukazovanie), pr\u00e1vne d\u00f4sledky z\u00a0ur\u010denia\/neur\u010denia zodpovednej osoby pre prev\u00e1dzkovate\u013ea (spolo\u010dnos\u0165)<\/li>\n<li>povinnosti zodpovednej osoby z\u00e1kladn\u00fd r\u00e1mec, zodpovednos\u0165 za s\u00falad procesov v\u00a0spolo\u010dnosti a\u00a0s\u00favisiacej dokument\u00e1cie; objasnenie miery zodpovednosti zodpovednej osoby za s\u00falad s\u00a0GDPR,<\/li>\n<\/ul>\n<p><strong>Zodpovedn\u00e1 osoba \u2013 kontaktn\u00e1 osoba pre dotknut\u00e9 osoby<\/strong><\/p>\n<ul>\n<li>postupy pre uplat\u0148ovanie pr\u00e1v dotknut\u00fdch os\u00f4b, povinnosti zodpovednej osoby pri rie\u0161en\u00ed uplatnen\u00fdch pr\u00e1v, identifik\u00e1cia procesov, lehoty na vybavenie uplatnen\u00fdch pr\u00e1v,<\/li>\n<li>v\u00fdnimky z\u00a0povinnosti prev\u00e1dzkovate\u013ea vyhovie\u0165 \u017eiadosti dotknutej osoby, aplik\u00e1cia v\u00fdnimiek, postupy,<\/li>\n<li>identifik\u00e1cia dotknutej osoby pri uplat\u0148ovan\u00ed pr\u00e1v, nevyhnutn\u00e9 osobn\u00e9 \u00fadaje \u2013 z\u00e1sada minimaliz\u00e1cie vs. povinnos\u0165 prev\u00e1dzkovate\u013ea zamedzi\u0165 neopr\u00e1vnen\u00e9mu (nez\u00e1konn\u00e9mu) poskytnutiu osobn\u00fdch \u00fadajov,<\/li>\n<\/ul>\n<p><strong>Praktick\u00e9 situ\u00e1cie<\/strong><\/p>\n<ul>\n<li>skupina podnikov \u2013 zdie\u013eanie osobn\u00fdch \u00fadajov,<\/li>\n<li>transparentn\u00e9 informovanie dotknut\u00fdch os\u00f4b \u2013 sp\u00f4soby, podmienky,<\/li>\n<li>vz\u0165ah prev\u00e1dzkovate\u013e vs. sprostredkovate\u013e \u2013 podmienky zmluvn\u00e9ho vz\u0165ahu, ako definova\u0165 podmienky sprac\u00favania osobn\u00fdch \u00fadajov,<\/li>\n<li>identifik\u00e1cia postavenia spolo\u010dnosti (prev\u00e1dzkovate\u013e vs. sprostredkovate\u013e),<\/li>\n<li>prenos do 3. kraj\u00edn<\/li>\n<\/ul>\n<p>&nbsp;<\/p>\n<p><strong>2 de\u0148<\/strong><\/p>\n<ul>\n<li>monitorovanie s\u00faladu s\u00a0Nariaden\u00edm (GDPR), procesy, postupy, mechanizmy<\/li>\n<li>d\u00f4le\u017eit\u00e9 faktory pri monitorovan\u00ed s\u00faladu: z\u00e1sady sprac\u00favania osobn\u00fdch \u00fadajov, bezpe\u010dnos\u0165, pr\u00e1va a\u00a0slobody fyzick\u00fdch os\u00f4b,<\/li>\n<li>identifik\u00e1cia a postupy pri identifik\u00e1cii nov\u00e9ho rizika, zmene hodnoty rizika, zmene dopadu na pr\u00e1va a\u00a0slobody fyzick\u00fdch os\u00f4b,<\/li>\n<li>anal\u00fdza riz\u00edk z\u00a0poh\u013eadu povahy, rozsahu, kontextu a\u00a0\u00fa\u010delu sprac\u00favania osobn\u00fdch \u00fadajov a\u00a0z\u00a0poh\u013eadu dopadov na pr\u00e1va a\u00a0slobody fyzick\u00fdch os\u00f4b,<\/li>\n<li>pr\u00e1va a\u00a0slobody fyzick\u00fdch os\u00f4b \u2013 identifik\u00e1cia, dopady, hodnotenie,<\/li>\n<li>identifik\u00e1cia dopadov, postupy pri ich identifik\u00e1cii,<\/li>\n<\/ul>\n<p>&nbsp;<\/p>\n<p><strong>3 de\u0148<\/strong><\/p>\n<ul>\n<li>bezpe\u010dnos\u0165 (\u010dl. 32) vs. pos\u00fadenie vplyvu (\u010dl. 35),<\/li>\n<li>pos\u00fadenie vplyvu: identifik\u00e1cia vysok\u00e9ho rizika pre pr\u00e1va a\u00a0slobody fyzick\u00fdch os\u00f4b pod\u013ea \u010dl. 35 ods. 1 Nariadenia (GDPR) - identifik\u00e1cia spracovate\u013esk\u00fdch oper\u00e1ci\u00ed, ktor\u00e9 podliehaj\u00fa pos\u00fadeniu vplyvu,<\/li>\n<li>povinnos\u0165 posudzova\u0165 spracovate\u013esk\u00e9 oper\u00e1cie, monitorovanie s\u00faladu, mechanizmy posudzovania,<\/li>\n<li>prijatie primeran\u00fdch bezpe\u010dnostn\u00fdch opatren\u00ed,<\/li>\n<\/ul>\n<p><strong>\u00a0<\/strong><\/p>\n<p>S\u00fa\u010das\u0165ou intenz\u00edvneho kurzu je absolvovanie <strong>z\u00e1vere\u010dn\u00e9ho testu<\/strong>, ktor\u00fd m\u00e1 overi\u0165 zvl\u00e1dnutie predn\u00e1\u0161anej problematiky a\u00a0s\u00fa\u010dasne osvetli\u0165 pr\u00edpadn\u00e9 nejasnosti.<\/p>\n<p>&nbsp;<\/p>\n<p>Ka\u017ed\u00fd z\u00a0\u00fa\u010dastn\u00edkov vzdel\u00e1vacieho kurzu po jeho \u00faspe\u0161nom zvl\u00e1dnut\u00ed dostane <strong>certifik\u00e1t<\/strong>, ktor\u00fd znamen\u00e1 preuk\u00e1zanie jeho dostato\u010dnej odbornosti na v\u00fdkon zodpovednej osoby.<\/p>\n<p>&nbsp;<\/p>\n<p><strong>Inform\u00e1cie k\u00a0mo\u017enosti prihl\u00e1senia sa na intenz\u00edvny kurz:<\/strong><\/p>\n<p>&nbsp;<\/p>\n<p><strong>Term\u00edn konania intenz\u00edvneho kurzu :<\/strong><\/p>\n<p>Pon\u00fakame V\u00e1m dva samostatn\u00e9 3 \u2013 d\u0148ov\u00e9 intenz\u00edvne kurzy l\u00ed\u0161iace sa Va\u0161imi \u010dasov\u00fdmi mo\u017enos\u0165ami s\u00a0pevne stanoven\u00fdmi term\u00ednmi<\/p>\n<p>&nbsp;<\/p>\n<ol>\n<li>9 \u2013 14. 9. 2018 (tzv. kontinu\u00e1lny kurz) - <a href=\"http:\/\/llakurzy.sk\/skoleniezodpovednejosoby\/e-shop\/\">prihl\u00e1\u0161ka<\/a><\/li>\n<\/ol>\n<p>&nbsp;<\/p>\n<ol start=\"2\">\n<li>9. 2018, 18. 9. 2018, 25. 9. 2018 (tzv. odstup\u0148ovan\u00fd kurz) - <a href=\"http:\/\/llakurzy.sk\/skoleniezodpovednejosoby\/e-shop\/\">prihl\u00e1\u0161ka<\/a><\/li>\n<\/ol>\n<p><strong>Prihl\u00e1senie sa na intenz\u00edvny kurz:<\/strong><\/p>\n<p>Prihl\u00e1si\u0165 sa na intenz\u00edvny kurz m\u00f4\u017eete prostredn\u00edctvom emailovej adresy info@llakurzy.sk alebo prostredn\u00edctvom n\u00e1\u0161ho webov\u00e9ho formul\u00e1ru na webovej str\u00e1nke www.llakurzy.sk v\u00a0sekcii \u0160kolenie zodpovednej osoby.<\/p>\n<p>&nbsp;<\/p>\n<p>Po\u010det \u00fa\u010dastn\u00edkov na ka\u017ed\u00fd z\u00a0intenz\u00edvnych kurzov je obmedzen\u00fd na 28 os\u00f4b.<\/p>\n<p>&nbsp;<\/p>\n<p><strong>Spo\u0302sob u\u0301hrady poplatku za intenz\u00edvny kurz: <\/strong><\/p>\n<p>Cena za 1 \u00fa\u010dastn\u00edka intenz\u00edvneho kurzu je <strong>660 <\/strong>Eur vr\u00e1tane dane z\u00a0pridanej hodnoty (DPH)<\/p>\n<p><strong>\u00a0<\/strong><\/p>\n<p>Po Va\u0161om prihl\u00e1sen\u00ed sa na intenz\u00edvny kurz V\u00e1m bude vystaven\u00e1 fakt\u00fara s\u00a0uveden\u00edm potrebn\u00fdch faktura\u010dn\u00fdch \u00fadajov pod\u013ea Va\u0161ich po\u017eiadaviek.<\/p>\n<p>&nbsp;<\/p>\n<p>Na za\u0301klade uhradenej fakt\u00fary n\u00e1sledne dostanete dan\u030covo uznatel\u030cny\u0301 doklad priamo po\u010das konania intenz\u00edvneho kurzu pri prezenc\u030cnej listine.<\/p>\n<p>&nbsp;<\/p>\n<p><strong>V cene intenz\u00edvneho kurzu je zahrnute\u0301: <\/strong><\/p>\n<p>obed, obc\u030cerstvenie, materia\u0301ly k\u00a0intenz\u00edvnemu kurzu, pri\u0301padne d\u030cals\u030cie potreby k jeho absolvovaniu<\/p>\n<p>&nbsp;<\/p>\n<p><strong>V cene intenz\u00edvneho kurzu nie je zahrnute\u0301: <\/strong><\/p>\n<p>doprava do\/z miesta konania semina\u0301ru<\/p>\n<p>&nbsp;<\/p>\n<p><strong>Miesto konania intenz\u00edvneho kurzu: <\/strong><\/p>\n<p>si\u0301dlo Labour Law Association\/Asocia\u0301cia pracovne\u0301ho pra\u0301va, Spartakovska\u0301 24, 917 01 Trnava<\/p>\n<p>bli\u017e\u0161ie inform\u00e1cie o\u00a0mieste konania semin\u00e1ru z\u00edskate na www.llakurzy.sk<\/p>\n<p>&nbsp;<\/p>\n<p><strong>\u010eal\u0161ie inform\u00e1cie o\u00a0organiz\u00e1torovi intenz\u00edvneho kurzu pre zodpovedn\u00e9 osoby z\u00edskate na www.llakurzy.sk alebo na emailovej adrese info@llakurzy.sk alebo na telef\u00f3nnom \u010d\u00edsle 0917 110\u00a0729. <\/strong><\/p>\n<\/div>\n<\/div><\/div><\/div><\/div><\/div><\/div>","protected":false},"excerpt":{"rendered":"<p>Intenz\u00edvny kurz pre zodpovedn\u00e9 osoby Labour Law Association\/Asoci\u00e1cia pracovn\u00e9ho pr\u00e1va a\u00a0Algger, s.r.o. ako l\u00eddri na trhu v\u00a0oblasti vzdel\u00e1vac\u00edch aktiv\u00edt pre V\u00e1s pripravili v\u00fdnimo\u010dn\u00fd 3 \u2013 d\u0148ov\u00fd intenz\u00edvny kurz pre zodpovedn\u00e9 osoby v\u00a0zmysle novej pr\u00e1vnej \u00fapravy ochrany osobn\u00fdch \u00fadajov danej v\u0161eobecn\u00fdm nariaden\u00edm o\u00a0ochrane \u00fadajov (GDPR) a\u00a0nov\u00fdm z\u00e1konom \u010d. 18\/2018 Z. z. o\u00a0ochrane osobn\u00fdch \u00fadajov. Za\u0301kladnou pridanou [&hellip;]<\/p>\n","protected":false},"author":1,"featured_media":0,"parent":0,"menu_order":0,"comment_status":"closed","ping_status":"closed","template":"kurzy.php","meta":{"footnotes":""},"class_list":["post-13","page","type-page","status-publish","hentry"],"_links":{"self":[{"href":"http:\/\/llakurzy.sk\/skoleniezodpovednejosoby\/wp-json\/wp\/v2\/pages\/13","targetHints":{"allow":["GET"]}}],"collection":[{"href":"http:\/\/llakurzy.sk\/skoleniezodpovednejosoby\/wp-json\/wp\/v2\/pages"}],"about":[{"href":"http:\/\/llakurzy.sk\/skoleniezodpovednejosoby\/wp-json\/wp\/v2\/types\/page"}],"author":[{"embeddable":true,"href":"http:\/\/llakurzy.sk\/skoleniezodpovednejosoby\/wp-json\/wp\/v2\/users\/1"}],"replies":[{"embeddable":true,"href":"http:\/\/llakurzy.sk\/skoleniezodpovednejosoby\/wp-json\/wp\/v2\/comments?post=13"}],"version-history":[{"count":115,"href":"http:\/\/llakurzy.sk\/skoleniezodpovednejosoby\/wp-json\/wp\/v2\/pages\/13\/revisions"}],"predecessor-version":[{"id":545,"href":"http:\/\/llakurzy.sk\/skoleniezodpovednejosoby\/wp-json\/wp\/v2\/pages\/13\/revisions\/545"}],"wp:attachment":[{"href":"http:\/\/llakurzy.sk\/skoleniezodpovednejosoby\/wp-json\/wp\/v2\/media?parent=13"}],"curies":[{"name":"wp","href":"https:\/\/api.w.org\/{rel}","templated":true}]}}